*2 + 6*u + 6. Let f be w(-4). Let q = o + f. What is the units digit of q?
4
Suppose 0 = 5*f - 256 - 109. Suppose -2*k = 5*i - f, 27 + 0 = 3*i - 3*k. Let h(t) = t**2 - 14*t + 18. What is the units digit of h(i)?
5
Let x(k) = 30*k - 26. Let l(p) = 15*p - 13. Let d(j) = -11*l(j) + 6*x(j). What is the units digit of d(3)?
2
Let a = 11 + -12. Let o be (6/2)/(1/a). What is the units digit of (-6)/(((-8)/o)/(-4))?
9
What is the units digit of (-8)/(1/1)*(-3658)/8?
8
Let s(w) = w**3 - 26*w**2 + 39*w - 56. What is the thousands digit of s(27)?
1
Let r = -3 - -3. Suppose -4*u + 203 + 433 = r. What is the units digit of u?
9
Let k = 2938 + -1878. What is the hundreds digit of k?
0
Suppose -5*f = 2*p - 2800, -20 = -4*f + 9*f. What is the hundreds digit of p?
4
Suppose 109 = 5*f - 51. Let d(t) = -t**3 + t**2 + t + 4. Let i be d(0). Suppose 3*u + 4*r = -r + 8, i*u - 4*r - f = 0. What is the units digit of u?
6
Let c = -62 + 30. Let p = c + 40. Suppose -4*y + 5*m = -0*m - p, 3*m = -3*y + 6. What is the units digit of y?
2
Let v(p) = 30*p + 116. What is the tens digit of v(13)?
0
Let n = 2180 - 1549. What is the tens digit of n?
3
Let y = 14 - 8. Suppose -2*h + 259 - 27 = 0. Suppose 2*k = y*k + 2*m - 82, 5*k - 2*m - h = 0. What is the units digit of k?
2
Let i(m) = 7*m + 19. What is the units digit of i(21)?
6
Let s(h) = h**2 - 28*h + 53. Let v be s(26). What is the tens digit of (1 + 8/2)/(v/8)?
4
Let w(t) = 7*t - 12. Let q(z) = 12*z**3 + z - 2. Let i be q(1). Let r be w(i). What is the units digit of (138/5)/(26/r)?
9
Let p be (0 + 1)/((-6)/12). What is the hundreds digit of (-2)/(p/203*1)?
2
Let m(t) = -t**3 + 2*t**2 - 2*t + 1. Suppose 0 = 2*b + i + 10, 2*i + 7 = -1. What is the tens digit of m(b)?
5
Suppose 4*g + 2*l - 2 = 0, -6*g + g + 4 = 2*l. Let k(m) = 3*m**g + 5*m - 1 + 0*m + 4. What is the tens digit of k(-3)?
1
Let u = -29 + 176. What is the units digit of u?
7
Let l = -49 - -161. Suppose -j = -14 - l. Let i = j + -71. What is the tens digit of i?
5
Let p(t) = t**3 - 14*t**2 + 6*t - 7. Let w be (1 + -2)*(1 - 5). Suppose 0 = -w*q + 5*j + 81, -3*j + 27 = 4*q - 14. What is the units digit of p(q)?
7
Suppose -2*p + 778 = -5*b, -81 = -4*b - 73. What is the units digit of p?
4
Let z = 121 - 116. Suppose 85 = z*j - 160. What is the units digit of j?
9
Let p be -4*((-5)/4 - 0). Suppose -p*f = -10 - 375. What is the tens digit of f?
7
Let s(t) = t + 2. Let m be s(0). Suppose -m*d - 3*d = -30. What is the tens digit of ((-51)/d)/(1/(-2))?
1
Suppose 3*i + 0*i - 4*d - 2435 = 0, -4*d - 8 = 0. What is the tens digit of i?
0
Suppose v = 6*v - 3955. Suppose 0*j + 7*j = v. What is the tens digit of j?
1
Suppose 114 = -11*c + 411. What is the units digit of (c/(-5) - -1)*1980/(-44)?
8
Let r = 219 + -45. Let w = r - 136. What is the units digit of w?
8
Suppose 33*g = 34022 + 78772. What is the units digit of g?
8
Suppose 90 = 6*s - 4*s. Suppose -3*d + s + 66 = 0. What is the tens digit of d?
3
Suppose -t - 2*k - 14 = 0, -k - 3*k = -t + 16. What is the tens digit of (6/t)/((-3)/120)?
6
Let y(w) = -26*w - 11. Let v be y(-5). Let k = 188 - v. What is the units digit of k?
9
Let f be 16/2 + (-4)/2. Suppose f*i - 224 = -2*i. What is the units digit of i?
8
Let m(u) = -u + 9. Let v be m(5). Let n = 11 - v. Let p = n - 0. What is the units digit of p?
7
Suppose -15*g = -14*g - 58. Suppose 2*j + 2*f + 16 - g = 0, 5*f = -2*j + 57. What is the tens digit of j?
1
Suppose -31*t + 37*t - 1722 = 0. What is the units digit of t?
7
Suppose -2*x + x = 2*o - 3, x - 6 = o. What is the tens digit of o*3/6*-194 + 0?
9
Suppose 9116 = 3*x - 7*v + 11*v, -10*x - 4*v + 30340 = 0. What is the tens digit of x?
3
Suppose -365 = -11*o + 130. Let w = o + -44. What is the units digit of w?
1
Let d = -469 - -482. Suppose -3*u + 15 = 2*u. Let t = d + u. What is the tens digit of t?
1
Suppose 5*g = -2*y + 4*g + 59, y = 2*g + 37. What is the tens digit of y?
3
Let r = 2346 - 1340. What is the tens digit of r?
0
Let a(p) = -53*p - 4. Let g be a(-1). Let q = -9 + g. What is the tens digit of q?
4
Suppose -43*q = -32*q - 13343. What is the thousands digit of q?
1
Let u be (-1 + 3 + -2)/1. Let q be 38/2 - (-1 + u). What is the units digit of (45/q)/(1/4)?
9
Let n(o) = 52*o**2 - 3*o + 3. Let g be (3/(-9))/((-4)/12). Let m be n(g). Suppose -m = -w - 3*w. What is the tens digit of w?
1
Let i(p) = 110*p**3 + p**2 - 19*p + 10. What is the thousands digit of i(3)?
2
Let j(b) = -15*b - 6. Let c be j(-4). Suppose 0 = c*h - 59*h + 385. What is the units digit of h?
7
Suppose -s + 145 = 5*w, 5*s + 4*w + 358 = 999. Suppose 2*n = -11 + s. Let a = -34 + n. What is the units digit of a?
3
Suppose -4*a - 1698 = -3*g + 1553, 5*g + 3*a = 5370. What is the thousands digit of g?
1
Let a(x) = -x**3 + 10*x**2 + 3*x - 19. Let w be a(10). Suppose -3 = -2*k + 7. Suppose -4*n + k*n = w. What is the tens digit of n?
1
Let p(i) = -19*i - 20. Let j be p(8). Let k = j - -316. What is the tens digit of k?
4
Let s be 5/10*28/6*3. Suppose -276 = 3*n - s*n. What is the tens digit of n?
6
Let h = -773 + 2908. What is the thousands digit of h?
2
Let n = 5407 - 2411. What is the tens digit of n?
9
Suppose 2*r = -j + 135, 5*j - 2*r - 708 = -21. What is the hundreds digit of j?
1
Let g be 2/(-4)*(-19)/(19/6). What is the units digit of (-9)/6*1*(-122)/g?
1
Let w(l) = 2*l**3 - l**2 + 3*l - 2. Let d be w(1). Let c(g) = 19*g**2 - 7*g + 4. What is the tens digit of c(d)?
6
Suppose 3*p - 2*k = 1150, -3*k - 584 = -3*p + 568. Suppose -62 = -4*z + p. What is the hundreds digit of z?
1
Let x = 1141 + -663. What is the tens digit of x?
7
Let g(b) = -b**3 + 11*b**2 - 2*b - 3. Let j be g(11). Let i = 94 + j. Suppose 5*u + 4*c = 128, 0 = 3*u - c + 6*c - i. What is the tens digit of u?
2
Suppose 0 = -4*w - 8, -2*l - 3*w + 1465 = -1141. What is the hundreds digit of l?
3
Suppose 5*j = -l + 104, j - 72 = -2*j - 3*l. Suppose -4*d + j = -56. What is the units digit of d?
9
Let f(y) be the third derivative of y**6/120 + y**5/15 - y**3/3 + 4*y**2. Let i be f(-3). Suppose -o + i = -0*o. What is the units digit of o?
7
Let h(x) = x**3 - 11*x**2 - 8*x - 10. Let d be (-18)/(-12)*(2 + -6). Let j be (-70)/d - (-1)/3. What is the units digit of h(j)?
8
Let i(x) = 3*x**3 - 4. Let s(m) = -m**3 + 8*m**2 - 8*m + 5. Let v be s(7). Let r be i(v). Let w = r - -51. What is the tens digit of w?
2
Let t be 2 - 7/(28/(-16)). Suppose -t*i + 2*i + 172 = 0. What is the units digit of i?
3
Let h be 210 - ((-3)/(-18) - (-38)/(-12)). Suppose 0 = x - 4*x + h. What is the tens digit of x?
7
Let i(j) = j - 4. Let v be i(4). Suppose -5*r + 140 = -3*y, 3*r + v*y - 84 = -4*y. Suppose 2*u + 10 = q + 7*u, 5*q + 3*u - r = 0. What is the units digit of q?
5
What is the hundreds digit of 1234/3 + (-8 - 130/(-15))?
4
What is the hundreds digit of -1016*(39/(-6) - -6)?
5
Let v be (-5)/2*(-36)/45. What is the units digit of (35/4)/(v/16)?
0
What is the tens digit of (-8)/(-84) + 3986/42?
9
Let a be 8*(-3)/6*(-74)/(-4). What is the units digit of 2 - (3/(6/(-2)) + a)?
7
Let x = -21 + 60. Suppose x + 9 = 2*q. What is the tens digit of q?
2
What is the tens digit of 21/(6 - -1) - -1563?
6
Let f = -2057 - -6258. What is the hundreds digit of f?
2
Let b = 1141 + 264. What is the tens digit of b?
0
Let o = -6 + -9. Let d be (o/2)/((-6)/16). What is the units digit of 4*(-2)/((-32)/d)?
5
Let k(i) = 202*i - 28. What is the hundreds digit of k(4)?
7
Suppose 0 = 5*a + 252 + 18. Let r = a + 82. Let x = r + -16. What is the units digit of x?
2
Let g = 9 + 0. Let y = g - -9. What is the units digit of y?
8
Suppose 2*o + 2*x - 151 - 661 = 0, 0 = 4*o + 5*x - 1626. What is the units digit of o?
4
Suppose -4*s + 2272 = -2*c, 4*s + 2*c - 1136 = 2*s. What is the hundreds digit of s?
5
Let j = 291 - -1563. What is the thousands digit of j?
1
Suppose 0 = 3*b - 14 - 7. Suppose b*s = 2*s. Suppose 5*y - 2*y - 102 = s. What is the tens digit of y?
3
Suppose 135*r - 141*r + 2454 = 0. What is the tens digit of r?
0
Suppose -27 = -8*k + 21. Suppose r + 24 = -5*v - k, -53 = 2*r + 3*v. Let p = r - -46. What is the units digit of p?
1
Let d(p) = -p**3 + p**2 + 8*p + 4. Let z be d(4). Let c = -19 - z. Let q(i) = i**2 + 3*i - 5. What is the units digit of q(c)?
3
Let v(g) = -g + 246. Let y = -4 + 4. Let q be v(y). Suppose 3*k 